 Let b(o) = o**2 - 7*o - 8. Let k(t) = 17*b(t) + 2*v(t). Give k(5).
-22
Let a(h) be the third derivative of -h**5/60 - h**4/24 - h**3 - 3*h**2 - h - 852. Calculate a(3).
-18
Let j(m) = 17*m - 37*m + 21*m - 23. Determine j(-6).
-29
Suppose 0 = 2*t - 3*p + 6*p - 2, -4*t = -3*p + 32. Let q(w) be the first derivative of w**4/4 + 2*w**3 - 7*w + 17. Determine q(t).
18
Let k be (-3 - -3)*(15/(-3) + 4). Suppose -2*u + 4*i + 14 = k, -4 = -18*u + 17*u + i. Let c(p) = -5*p**2 + p - 1. Calculate c(u).
-5
Let x(l) = l**2 + 11*l - 7. Let b(i) = -2*i. Let y(a) = -3*b(a) - x(a). Let g(o) = 7*o + o - 4*o + 1 - 3*o. Let c be g(-6). Calculate y(c).
7
Let d(j) = -55*j**2 + 168*j - 3*j**3 + 53*j**2 - 2*j**3 - 169*j. Let q = -12 - -14. Suppose 2*m + 4 - q = 0. Calculate d(m).
4
Let h(m) be the second derivative of 7*m**4/3 + m**3/6 - 1940*m. Let b(d) = d**3 - 4*d**2 + 4*d - 4. Let v be b(3). What is h(v)?
27
Let i(h) = 2*h**2 - 14*h - 12. Let b(v) = -18 + 7*v**2 - 21*v + 0*v**2 + 0*v - 4*v**2. Let r(k) = -5*b(k) + 7*i(k). Give r(9).
-12
Let w(z) = -9*z + 13 - 7 + 108*z - 96*z. Let b(q) = q - 1. Let u be b(-3). Calculate w(u).
-6
Let z(g) be the second derivative of g**4/24 + 2*g**3/3 - 65*g**2/2 + 53*g. Let w(j) be the first derivative of z(j). Determine w(-8).
-4
Let m(u) = -u**3 + 2*u**2 + u - 3. Let v(s) = -3*s**2 + 133*s + 904. Let q be v(-6). Determine m(q).
11
Let o(h) = -4*h - 2. Suppose -26*u + 3*z + 22 = -21*u, 5*z = 2*u - 5. Suppose -2*v - 19 = -24*w + 29*w, u*w + 5*v = -10. What is o(w)?
18
Suppose 14*s - 11*s = -21. Let u(a) = -a - 1. Let h be 2*(4/(-8) - 1). Let j(t) = 3*t + 3. Let l(g) = h*j(g) + s*u(g). Give l(-4).
6
Let z be -4 - (-67 + 5 + -1). Suppose 58*b + 2 = z*b. Let i(a) = -a**3 + 2*a**2 + a. What is i(b)?
2
Let z(p) = 2*p**2 - 6*p - 28. Let c be z(-3). Let b(h) = 28*h**2 - 16*h - 25. Let a(n) = 13*n**2 - 8*n - 12. Let v(l) = 13*a(l) - 6*b(l). Determine v(c).
-6
Let z be (-874)/(-95) + 2/(-10). Suppose 9*b = 14*b - p - z, 5*b = 3*p + 7. Let g(q) = 2*q**2 - q - 1. Give g(b).
5
Let b be (-4)/22 - 741/(-143). Suppose f + 29 = -b*z, 5*f - 11 = 4*f + 3*z. Let g(j) = 5*j - 6*j**2 + 3*j**2 + 4*j**2 + 5. Calculate g(f).
1
Let c be (-268)/(-8)*(10 - 4). Let b(k) = -c + 100 + 87 - 4*k + 0*k. Calculate b(-6).
10
Let h = 457 + -386. Let j = h - 69. Let o(i) = -2*i - 4. Calculate o(j).
-8
Let c(n) be the second derivative of -3*n**4/4 + n**3/3 - n**2 - 3657*n + 1. Determine c(2).
-34
Let p(j) be the first derivative of 12*j - 11/2*j**2 - 32 + 1/3*j**3. What is p(9)?
-6
Let o(z) = z**2 + z + 22. Let q(t) = -t**2 - 23*t - 42. Let j(c) = -6*c + 58. Let s be j(10). Let k be q(s). What is o(k)?
22
Let h be ((-30)/(-7) - -2) + (-192)/672. Let a(p) = -p**3 + 2*p**2 + 14*p - 2. Determine a(h).
-62
Let n be (-16)/10*(121 - 6). Let o = -179 - n. Let l(r) = 6*r - 5. Calculate l(o).
25
Let d(p) be the second derivative of 2/3*p**3 + 0 + 12*p**2 - 88*p. Calculate d(-7).
-4
Let s(b) = -27*b - 123. Let z(n) = 4*n + 20. Let o(f) = 2*s(f) + 13*z(f). Determine o(-9).
32
Let x(n) = -n**3 + 6*n**2 + 2 + 0*n**3 - 3*n + 4*n + 3. Let j be ((-3 - -3)/5)/(-1). Suppose -13*f + 3*f + 60 = j. What is x(f)?
11
Suppose -37*z = -u - 42*z + 11, 0 = 3*z + 3. Let i(m) = 4*m - 67. Give i(u).
-3
Let u(k) = -9*k + 10*k + 17 + k**2 - 12. Let x(j) = -j**2 + 4. Let q(z) = 2*u(z) - 3*x(z). Give q(1).
5
Let q(o) = o - 13. Suppose -783*t - 12 = -787*t, -5 = 2*l - 5*t. Give q(l).
-8
Let w = 1 + 10. Let t(a) = -26 + 99*a - 19*a + 10*a**2 - 22*a - 24*a - a**3 - 20*a. Calculate t(w).
7
Let p(g) = -60*g**3 - 19*g**2 + 81*g + 98. Let y(h) = -34*h**3 - 9*h**2 + 39*h + 49. Let t(k) = -4*p(k) + 7*y(k). Determine t(-9).
5
Let n(m) = 0*m**3 - 5*m + 2 + 4*m - m**3. Let h(k) = -k**2 + 16*k + 22. Let q be h(16). Suppose -q*p = -4*p. Determine n(p).
2
Suppose -20*b = 4*b + 96. Let s(p) be the second derivative of p**4/6 + 5*p**3/6 - 5*p**2 - p. Let n be s(b). Let q(f) = 3*f**2 + 2*f - 3. Give q(n).
13
Let c be (-3)/(-6)*11*2. Suppose 0 = -2*u - c - 1. Let f(d) = 9*d + d**2 - 17*d**2 + 8 - 2 - 5*d**2 + 22*d**2. What is f(u)?
-12
Let g be 4*-1 + (-13)/(117/756). Let o = g - -87. Let c(a) = -20*a**2 + 2*a + 1. What is c(o)?
-21
Let a(t) = 8*t**2 + 10*t - 25. Let k be a(-6). Let h = 199 - k. Let v(r) = r**2 + 2*r + 1. Calculate v(h).
9
Let s(y) = y**3 - 19*y**2 + y + 12. Suppose -2*p + 27 = 3*q + 10, p - 40 = 3*q. What is s(p)?
31
Let l(r) = r**2 - 24*r + 43. Let q be ((-2)/(-3))/(96/3168). Calculate l(q).
-1
Let o(x) = 50*x**2 - x. Let u(r) = -4*r**2 - 180*r + 1. Let g be u(-45). Calculate o(g).
49
Let q(x) = 78 - 2280*x**2 + 8 - 29*x - 28 + 2284*x**2. Give q(2).
16
Suppose 683*p - 2*d + 24 = 680*p, 2*d - 12 = 0. Let z(o) = o**3 + 7*o**2 + 5*o - 2. Let k be z(-6). Let s(b) = -3*b**2 + 5 - b + k*b**2 + 8*b. Determine s(p).
-7
Let a(s) = 2*s**2 - s + 8. Let q(m) = 3*m**2 + 11. Suppose 0 = -k + 5*t - 13, -5*k - 36 = 22*t - 18*t. Let z(r) = k*a(r) + 5*q(r). Calculate z(7).
-2
Let c be (-34)/(-8) + 2/(-8). Let l = c + -1. Let a(b) = -10*b - 1 - 3*b - b + 31*b - 7*b - 4*b. Determine a(l).
17
Let m(g) = -2*g**3 + 6 + 8*g + 2*g**3 - 9*g**2 + g**3. Let k = 679 + -105. Suppose 569*q - k*q = -40. Determine m(q).
6
Let j(z) = -z**3 - 5*z**2 - 3*z + 4. Let i be j(-4). Let d(c) = -c**2 + 4*c - 6*c + i*c. Let q = 4312 + -4315. Calculate d(q).
-3
Suppose -15*o + 11*o = 252. Let p be 10/(-2)*o/9. Let c(t) = -t**2 + 23*t + 21*t - p*t. Determine c(7).
14
Let q(f) be the second derivative of 4 + 13*f + 5/3*f**3 - 2*f**2. Calculate q(3).
26
Let x(m) = 15*m**2 + m + 1. Let u(i) be the second derivative of -i**4/12 + i**3/3 - 2*i**2 - 9*i. Let s be u(3). Let q be 1/((s - -3)/4). Calculate x(q).
15
Let x(r) = -r**3 - r**2 + r + 8. Suppose 9 = 5*d + k - 2, 3*d - 2 = 4*k. Calculate x(d).
-2
Let q(d) = -6 + 13*d + 4*d**2 - 2*d**2 - 2 + 32 + 11. Give q(-6).
29
Let g(d) be the first derivative of 1/2*d**2 - d + 129. Calculate g(-5).
-6
Let f(a) be the third derivative of a**4/24 - a**3/3 - 160*a**2 + 3*a + 2. Let l = -16 + 23. Calculate f(l).
5
Let x(a) be the first derivative of -a**2/2 + 3*a - 74. Let v(d) = -11*d + 5. Let j be v(1). Determine x(j).
9
Let l(a) = -4*a**2 + 21*a - 8. Let u = 34911 - 34907. Calculate l(u).
12
Let f(o) be the third derivative of -15*o**2 + 0*o**3 + 7/60*o**6 + 0*o**5 - 1/24*o**4 + 0*o + 0. Give f(-1).
-13
Let m(o) = -o + 7. Let d(a) = -2*a + 2. Let s be d(-2). Determine m(s).
1
Let m(v) = -2*v**3 - 18*v**2 + 5*v + 19. Let r(j) = 3*j**3 + 27*j**2 - 7*j - 28. Let h(g) = 7*m(g) + 5*r(g). What is h(-9)?
-7
Let o(p) = 14*p + 87. Let t = 7619 + -7625. Determine o(t).
3
Suppose 0 = -x - 4*a + 15, -4*x + 2*x + 4*a - 6 = 0. Suppose -x*w - 5*n + 0*n = -46, -3 = -4*w + 5*n. Let u(z) = z - 3. Give u(w).
4
Let a(x) = x**2 + 6*x. Let o be a(0). Suppose 3*h = -o*h + 3*y + 9, -12 = -4*h + 3*y. Let k(r) = 2*r + 0*r - r - 4 - h. Calculate k(5).
-2
Let i(s) be the first derivative of -2*s**3/3 + 15*s**2/2 - 15*s - 41. Let d be i(5). Let c(l) = l**2 - 9*l + 15. Determine c(d).
25
Let r(t) = 11*t**2 + 145*t + 93. Let i(x) = -5*x**2 - 66*x - 46. Let w(o) = 9*i(o) + 4*r(o). Give w(-10).
-2
Suppose 0 = -0*q - 5*q + 20, -3*t + 85 = -5*q. Suppose -t = -142*a + 147*a. Let s(c) = 3*c + 2*c**2 - 8 - 3*c**2 - 10*c. Give s(a).
-8
Let d = -18 - -16. Suppose -2*f + 4*f + 8 = m, -4*f - 26 = -3*m. Let k(y) = 1 - y**2 - y + 21*y**3 + m*y**3 - 30*y**3. Calculate k(d).
-9
Let g = 15 - 19. Let k = -59 - -57. Let r = g + k. Let c(s) = -s**3 - 7*s**2 - 7*s - 8. Calculate c(r).
-2
Let z be (40/(-3))/5*324/(-432). Let q(k) be the first derivative of 1/3*k**3 + 3*k + 12 + 7/2*k**z. Give q(-4).
-9
Let j(p) = -8*p**2 + 186*p - 205. Let g be j(22). Let c(f) = -f**2 + 66*f - 759. Determine c(g).
6
Let l = 119 - 117. Let d(n) = 2*n - n + 69*n**2 - 3*n - 68*n**l. What is d(2)?
0
Let i(x) = 2*x - 57. Let m be i(28). Let h be ((-1 - -1) + 1)/(m/(-3)). Let o(l) = l**3 - 4*l**2 + l + 4. Give o(h).
-2
Let v(t) = -2*t**2 + 412*t + 397*t - 1246*t - 31 + 418*t. Determine v(-8).
-7
Let j(k) = 14*k - 9 - 15*k + 7 - 9. Let a be j(-5). Let n(s) = 5*s**3 - 6*s**2 - 2*s + 1. Let i(m) = m**3 + 1. Let y(g) = -6*i(g) + n(g). Determine y(a).
7
Let w(g) = -g**3 - 7*g**2 + 32*g + 14. Let o = -17166 - -17156. Give w(o).
-6
Suppose v - 18*g = 147, -5*g + 9 = 55*v - 54*v. Let b(